{"id":610,"date":"2016-03-07T03:10:46","date_gmt":"2016-03-07T03:10:46","guid":{"rendered":"https:\/\/themesgavias.com\/wp\/kunco\/?page_id=610"},"modified":"2024-02-27T12:49:12","modified_gmt":"2024-02-27T11:49:12","slug":"contact-page","status":"publish","type":"page","link":"https:\/\/recodh.org\/index.php\/contact-page\/","title":{"rendered":"Page de contact"},"content":{"rendered":"<div class=\"wpb-content-wrapper\"><p>[vc_row row_space=\u00a0\u00bbremove_padding\u00a0\u00bb][vc_column width=\u00a0\u00bb2\/3&Prime;]\n<div class=\"wpcf7 no-js\" id=\"wpcf7-f4749-o1\" lang=\"fr-FR\" dir=\"ltr\" data-wpcf7-id=\"4749\">\n<div class=\"screen-reader-response\"><p role=\"status\" aria-live=\"polite\" aria-atomic=\"true\"><\/p> <ul><\/ul><\/div>\n<form action=\"\/index.php\/wp-json\/wp\/v2\/pages\/610#wpcf7-f4749-o1\" method=\"post\" class=\"wpcf7-form init wpcf7-acceptance-as-validation\" aria-label=\"Formulaire de contact\" novalidate=\"novalidate\" data-status=\"init\">\n<fieldset class=\"hidden-fields-container\"><input type=\"hidden\" name=\"_wpcf7\" value=\"4749\" \/><input type=\"hidden\" name=\"_wpcf7_version\" value=\"6.1.5\" \/><input type=\"hidden\" name=\"_wpcf7_locale\" value=\"fr_FR\" \/><input type=\"hidden\" name=\"_wpcf7_unit_tag\" value=\"wpcf7-f4749-o1\" \/><input type=\"hidden\" name=\"_wpcf7_container_post\" value=\"0\" \/><input type=\"hidden\" name=\"_wpcf7_posted_data_hash\" value=\"\" \/>\n<\/fieldset>\n<div class=\"row\">\n\t<div class=\"col-sm-4 col-xs-12\">\n\t\t<p><span class=\"wpcf7-form-control-wrap\" data-name=\"your-name\"><input size=\"40\" maxlength=\"400\" class=\"wpcf7-form-control wpcf7-text wpcf7-validates-as-required\" aria-required=\"true\" aria-invalid=\"false\" placeholder=\"Your Name *\" value=\"\" type=\"text\" name=\"your-name\" \/><\/span>\n\t\t<\/p>\n\t<\/div>\n\t<div class=\"col-sm-4 col-xs-12\">\n\t\t<p><span class=\"wpcf7-form-control-wrap\" data-name=\"your-email\"><input size=\"40\" maxlength=\"400\" class=\"wpcf7-form-control wpcf7-email wpcf7-validates-as-required wpcf7-text wpcf7-validates-as-email\" aria-required=\"true\" aria-invalid=\"false\" placeholder=\"Your Email *\" value=\"\" type=\"email\" name=\"your-email\" \/><\/span>\n\t\t<\/p>\n\t<\/div>\n\t<div class=\"col-sm-4 col-xs-12\">\n\t\t<p><span class=\"wpcf7-form-control-wrap\" data-name=\"your-subject\"><input size=\"40\" maxlength=\"400\" class=\"wpcf7-form-control wpcf7-text\" aria-invalid=\"false\" placeholder=\"Your Subject\" value=\"\" type=\"text\" name=\"your-subject\" \/><\/span>\n\t\t<\/p>\n\t<\/div>\n<\/div>\n<div class=\"row\">\n\t<div class=\"col-xs-12\">\n\t\t<p><span class=\"wpcf7-form-control-wrap\" data-name=\"your-message\"><textarea cols=\"40\" rows=\"6\" maxlength=\"2000\" class=\"wpcf7-form-control wpcf7-textarea\" aria-invalid=\"false\" placeholder=\"Your message\" name=\"your-message\"><\/textarea><\/span>\n\t\t<\/p>\n\t<\/div>\n\t<div class=\"col-xs-12 action\">\n\t\t<p><input class=\"wpcf7-form-control wpcf7-submit has-spinner\" type=\"submit\" value=\"Send Message\" \/>\n\t\t<\/p>\n\t<\/div>\n<\/div><p style=\"display: none !important;\" class=\"akismet-fields-container\" data-prefix=\"_wpcf7_ak_\"><label>&#916;<textarea name=\"_wpcf7_ak_hp_textarea\" cols=\"45\" rows=\"8\" maxlength=\"100\"><\/textarea><\/label><input type=\"hidden\" id=\"ak_js_1\" name=\"_wpcf7_ak_js\" value=\"131\"\/><script type=\"text\/javascript\">\n\/* <![CDATA[ *\/\ndocument.getElementById( \"ak_js_1\" ).setAttribute( \"value\", ( new Date() ).getTime() );\n\/* ]]> *\/\n<\/script>\n<\/p><div class=\"wpcf7-response-output\" aria-hidden=\"true\"><\/div>\n<\/form>\n<\/div>\n[\/vc_column][vc_column width=\u00a0\u00bb1\/3&Prime;][gva_block_heading title=\u00a0\u00bbAdresse\u00a0\u00bb align=\u00a0\u00bbalign-left\u00a0\u00bb][\/gva_block_heading][gva_contact_info photo=\u00a0\u00bb954&Prime; address=\u00a0\u00bbMaison bleue, 24 Rue des cocotiers, entr\u00e9e Cabinet d&rsquo;Avocat Me NKOUENDJIN YOTNDA, Face Foyer Fontsa Touala Yaound\u00e9 &#8211; Biyem Assi (Yaound\u00e9 VI)\u00a0\u00bb phone=\u00a0\u00bb+237 677 43 63 39 \/ 694 99 29 95\/695 54 28 38&Prime; email=\u00a0\u00bbrecodh@recodh.org\u00a0\u00bb website=\u00a0\u00bbwww.recodh.org\u00a0\u00bb][\/vc_column][\/vc_row][vc_row row_space=\u00a0\u00bbremove_padding\u00a0\u00bb isfullwidth=\u00a0\u00bb0&Prime;][vc_column][vc_gmaps link=\u00a0\u00bb#E-8_JTNDaHR0cHMlM0ElMkYlMkZ3d3cuZ29vZ2xlLmNtJTJGbWFwcyUyRnNlYXJjaCUyRlJ1ZSUyQmRlcyUyQkNvY290aWVycyUyQyUyQkJpeWVtLWFzc2klMkYlNDAzLjgzNTQxNjYlMkMxMS40ODUxMDQzJTJDMTV6JTNGaGwlM0RmciUyMiUzRSUzQyUyRmlmcmFtZSUzRQ==\u00a0\u00bb size=\u00a0\u00bb450&Prime; css=\u00a0\u00bb.vc_custom_1684504770825{padding-top: 50px !important;padding-bottom: 50px !important;}\u00a0\u00bb][\/vc_column][\/vc_row]<\/p>\n<\/div>","protected":false},"excerpt":{"rendered":"<p>[vc_row row_space=\u00a0\u00bbremove_padding\u00a0\u00bb][vc_column width=\u00a0\u00bb2\/3&Prime;][\/vc_column][vc_column width=\u00a0\u00bb1\/3&Prime;][gva_block_heading title=\u00a0\u00bbAdresse\u00a0\u00bb align=\u00a0\u00bbalign-left\u00a0\u00bb][\/gva_block_heading][gva_contact_info photo=\u00a0\u00bb954&Prime; address=\u00a0\u00bbMaison bleue, 24 Rue des cocotiers, entr\u00e9e Cabinet d&rsquo;Avocat Me NKOUENDJIN YOTNDA, Face Foyer Fontsa Touala Yaound\u00e9 &#8211; Biyem Assi (Yaound\u00e9 VI)\u00a0\u00bb phone=\u00a0\u00bb+237 677 43 63 39 \/ 694 99 29 95\/695 54 28 38&Prime; email=\u00a0\u00bbrecodh@recodh.org\u00a0\u00bb website=\u00a0\u00bbwww.recodh.org\u00a0\u00bb][\/vc_column][\/vc_row][vc_row row_space=\u00a0\u00bbremove_padding\u00a0\u00bb isfullwidth=\u00a0\u00bb0&Prime;][vc_column][vc_gmaps link=\u00a0\u00bb#E-8_JTNDaHR0cHMlM0ElMkYlMkZ3d3cuZ29vZ2xlLmNtJTJGbWFwcyUyRnNlYXJjaCUyRlJ1ZSUyQmRlcyUyQkNvY290aWVycyUyQyUyQkJpeWVtLWFzc2klMkYlNDAzLjgzNTQxNjYlMkMxMS40ODUxMDQzJTJDMTV6JTNGaGwlM0RmciUyMiUzRSUzQyUyRmlmcmFtZSUzRQ==\u00a0\u00bb size=\u00a0\u00bb450&Prime; css=\u00a0\u00bb.vc_custom_1684504770825{padding-top: 50px !important;padding-bottom: 50px !important;}\u00a0\u00bb][\/vc_column][\/vc_row]<\/p>\n","protected":false},"author":9,"featured_media":0,"parent":0,"menu_order":0,"comment_status":"closed","ping_status":"closed","template":"","meta":{"give_campaign_id":0,"footnotes":""},"class_list":["post-610","page","type-page","status-publish","hentry"],"campaignId":"","_links":{"self":[{"href":"https:\/\/recodh.org\/index.php\/wp-json\/wp\/v2\/pages\/610","targetHints":{"allow":["GET"]}}],"collection":[{"href":"https:\/\/recodh.org\/index.php\/wp-json\/wp\/v2\/pages"}],"about":[{"href":"https:\/\/recodh.org\/index.php\/wp-json\/wp\/v2\/types\/page"}],"author":[{"embeddable":true,"href":"https:\/\/recodh.org\/index.php\/wp-json\/wp\/v2\/users\/9"}],"replies":[{"embeddable":true,"href":"https:\/\/recodh.org\/index.php\/wp-json\/wp\/v2\/comments?post=610"}],"version-history":[{"count":8,"href":"https:\/\/recodh.org\/index.php\/wp-json\/wp\/v2\/pages\/610\/revisions"}],"predecessor-version":[{"id":5092,"href":"https:\/\/recodh.org\/index.php\/wp-json\/wp\/v2\/pages\/610\/revisions\/5092"}],"wp:attachment":[{"href":"https:\/\/recodh.org\/index.php\/wp-json\/wp\/v2\/media?parent=610"}],"curies":[{"name":"wp","href":"https:\/\/api.w.org\/{rel}","templated":true}]}}